t p be 13/1 + (-509 - -508). Suppose 57 = 4*g - 7. Suppose -p = -3*w - m + g, 5*w = 2*m + 32. Calculate the greatest common factor of w and 1.
1
Let x be ((-7)/21)/((-2)/156). Let s = x - 20. Suppose -s*f + 47 + 13 = 0. What is the highest common factor of f and 30?
10
Let z(v) = v**3 + 26*v**2 + 50*v - 51. Let x be z(-24). Let n be (-1716)/x*(-21)/(-4). Calculate the greatest common divisor of n and 14.
7
Suppose -76*n - 125*n = -201. What is the highest common factor of 2523 and n?
1
Suppose -z - 66 = -89. Suppose z = 5*j - g - 31, 0 = 5*j - 4*g - 51. Let q(f) = 2*f + 16. Let n be q(j). Calculate the greatest common factor of 57 and n.
19
Suppose 27*x - 48*x + 1837 = 220. What is the highest common divisor of 253 and x?
11
Let k be (1 + -28)/(-3) - -2. Let p = 34 - k. Let j be 19 + 6/3 - -8*(-16)/(-64). What is the highest common divisor of p and j?
23
Suppose 63 = 7*w - 6*w. Let l = 62 - w. Let c be (-186)/(-9) - (l/(-3))/(-1). What is the highest common divisor of c and 21?
21
Suppose 19*b + 11*b + 240 = 0. Let y be (0 - 4/b)*(1896 + 2). What is the greatest common factor of 13 and y?
13
Suppose -4*r - 2*z = -18 + 4, 5 = 5*z. Let q be 112/r*(-5)/((-280)/144). Calculate the highest common factor of 40 and q.
8
Let g = 4415 + -4281. What is the highest common factor of 6 and g?
2
Let q be (-3)/((-27)/(-9)) - (-6)/12*182. Suppose 0 = 5*k - 4*k - 54. What is the greatest common factor of k and q?
18
Let u = 330 + -327. Let x(z) = 21*z**3 - 10*z + 7. Let l be x(u). Calculate the highest common factor of 16 and l.
16
Suppose -2*c + 4418 - 1036 = 0. Suppose 4*y = -123 + c. Calculate the highest common divisor of y and 28.
28
Let u = -1208 - -3557. What is the highest common divisor of u and 81?
81
Let y = -3190 + 3325. Calculate the highest common factor of y and 765.
45
Let g = 205 - 202. Suppose g*d - 12*b - 48 = -16*b, 80 = 5*d + b. Calculate the greatest common factor of 40 and d.
8
Let l be 3 + 1/((-3)/(-504)). Let g be 281 - 10/60*-24. Calculate the highest common divisor of l and g.
57
Suppose 5*h = -3*n + 1757 - 334, n + 3*h - 469 = 0. Calculate the greatest common factor of 39 and n.
13
Let d be (-44 - 4)/(-16) - 11285*-1. Calculate the highest common divisor of d and 136.
136
Let a = -3947 - -5101. Calculate the highest common divisor of a and 2.
2
Suppose 13*l - 36 = 17*l. Let j = 3 + l. Let w be 4/j*48/(-2). What is the greatest common divisor of 4 and w?
4
Let u(l) = -104*l - 582. Let j be u(-6). Calculate the highest common divisor of j and 3759.
21
Let g = 74 - 65. Let x(o) = 51*o**2 - g - 45*o**2 - 4*o**3 + 2 + 5*o**3. Let z be x(-5). Calculate the greatest common divisor of 2 and z.
2
Let f be 6/(-21)*(4 + -2*9). Suppose -3*o = -f*k + k + 18, -4*k + 20 = -2*o. Let n = 29 + o. What is the highest common divisor of 3 and n?
3
Suppose 2*m + 4*g - 373 = 77, -3*m + 675 = -4*g. Calculate the greatest common factor of m and 2075.
25
Let h(s) = s**3 - 13*s**2 - 126*s + 27. Let l be h(20). What is the greatest common factor of 1 and l?
1
Let n = -24526 + 24988. What is the greatest common factor of 7546 and n?
154
Let n be (22/8)/((-35)/(-93660))*1. What is the greatest common divisor of n and 165?
33
Suppose -u - u = 2*z - 32, 0 = -z + 1. Let q be 25/(-10)*(-114)/u. Let o be 268/q - 2 - 10/95. Calculate the greatest common factor of o and 15.
3
Let x(d) = -d**2 - 10*d + 9. Let u(s) = -40*s + 200. Let h be u(5). Let a be x(h). What is the highest common factor of a and 6?
3
Let t(s) = -71*s - 658. Let w be t(-11). What is the greatest common factor of 861 and w?
123
Suppose 6*b - 142 = 5*b. Let t be ((-30)/(-30))/(-1 - (-144)/b). Let g = -63 + t. What is the highest common factor of 4 and g?
4
Suppose 32 = 4*c - 4*o, -2 = -2*o + o. Let d be 243/12 + 3/4. Let q = d + 9. Calculate the highest common divisor of c and q.
10
Let n(i) = i + 6. Let o be n(-3). Let q be 9 - 7 - 9*o. Let y = q - -39. Calculate the greatest common divisor of 70 and y.
14
Let a = -312 - -402. Suppose -12*g = -13*g + 30. Calculate the greatest common factor of a and g.
30
Let d(a) = 1063*a + 4418. Let o be d(-4). Calculate the highest common divisor of 32 and o.
2
Let n = -331402 + 331701. Let q be 2/(-8) - 186/(-8). What is the highest common factor of n and q?
23
Let t(p) = p**3 + 37*p**2 + 6*p + 94. Let n be t(-35). Let k be (-5)/15 + n/9. Calculate the highest common factor of 37 and k.
37
Let o = 255 + -417. Let g = o - -185. Calculate the highest common divisor of 368 and g.
23
Suppose 24 = 3*q - 0*q. Suppose 13*t - 78 = -0*t. Suppose -2*v = 3*p - 1, 2*p - t = -0*v - 4*v. What is the highest common divisor of v and q?
2
Let j = -416583 - -416608. Suppose 5*u - 325 - 50 = 0. Calculate the greatest common factor of u and j.
25
Let p(v) = v**3 - 17*v**2 + 14*v - 6. Let l be p(16). Let k = l - -47. What is the greatest common divisor of k and 6?
3
Suppose -20 = -5*o, 67 = 1811*t - 1806*t - 2*o. What is the greatest common divisor of 3810 and t?
15
Suppose -5*x - 650 = -10*x. Suppose v - 16 = 2*d, -3*d + x = 5*v - 2. Suppose c = 5*s - 4 - v, s - 8 = -c. Calculate the highest common divisor of s and 16.
2
Let r be 6279/598*(-48)/(-14). What is the greatest common factor of 99 and r?
9
Let c = -5 + 25. Let a be (28/(-6))/(-7) + c/6. Suppose -2*p = -a*k - 34, 4 = 2*p + 3*k - 2. Calculate the highest common factor of p and 99.
9
Let h(m) = m**3 - 7*m**2 + 14*m + 31. Let w be h(4). What is the greatest common factor of 117 and w?
39
Let z(o) = -3*o**2 - 28*o. Let c(i) = -6*i**2 - 56*i + 1. Let x(r) = -2*c(r) + 5*z(r). Let n be x(-8). Calculate the highest common divisor of n and 15.
15
Let c(z) = 10 + 2*z - 6 + 4. Let l be c(-12). Let y be 2/(-1) - 144/l. Calculate the highest common factor of y and 56.
7
Suppose 4*a - 3*b - 25 = 0, 18*b - 20*b - 26 = -4*a. Calculate the greatest common factor of a and 9.
1
Suppose 21 = -14*m + 889. Let c(u) = -u**2 + u + 2. Let i be c(0). Suppose -i*p + 176 - m = 0. What is the greatest common factor of p and 19?
19
Let d(q) = -q + 24. Let k be d(14). Suppose -4*t = -k*t + 42. Suppose -2*g + g - x = -t, 2*g - 13 = -x. What is the highest common factor of 3 and g?
3
Suppose 15*s - 47*s = -10*s - 193270. What is the greatest common factor of 35 and s?
35
Let t(a) = -5*a + 30. Let b be t(4). Suppose 7*x = 1186 + 704. What is the greatest common divisor of x and b?
10
Let s(m) = -30*m + 182. Let j be s(27). Let q = -558 - j. Suppose -2*p = -5*h, h + 46 = -2*p + 7*p. Calculate the greatest common divisor of p and q.
10
Let q be 30/(-4)*(-128)/6. Suppose -5*o + w + 323 = 0, -17*w - 265 = -4*o - 14*w. Calculate the highest common divisor of o and q.
32
Let k = 940 - 652. Suppose -45*d = 5*q - 44*d - 132, 96 = 3*q - 5*d. Calculate the highest common divisor of q and k.
9
Let b be (2 + 1612/(-8))/((-267)/178). What is the highest common divisor of 39235 and b?
133
Suppose 0 = 4*f, -3*f = -3*w + 5*w - 2860. Suppose -3*a = 23*a - w. Calculate the greatest common divisor of a and 11.
11
Let j(h) = h**2 - 2*h + 1. Let i be j(-2). Let c be (54/(-5) + 4 + 4)*-90. Let v = c - 162. What is the greatest common divisor of i and v?
9
Let j(f) = 404*f + 2892. Let x be j(-6). What is the greatest common divisor of x and 405?
9
Suppose -9*w + 4*w - 20 = -3*f, 5*f = -w + 24. Let o be 3 - (5 - 1) - w. Let s be 2 - o/(2 - -2). Calculate the greatest common factor of 2 and s.
2
Let w(m) = 5*m + 32. Let f be w(0). Let n = f + -13. Let c be (-30)/(-35)*(n + 2). Calculate the greatest common divisor of 126 and c.
18
Suppose 4*c + 1480 = 2*c. Let i be c/(-9) - (-48)/(-216). Suppose m + 2 = 0, 3*m + i = 4*f + 2*m. Calculate the highest common factor of 10 and f.
10
Let r = 126 + -226. Let q(y) = 27*y**2 - 2*y - 2. Let p be q(2). Let b = p + r. What is the highest common divisor of 10 and b?
2
Let f(m) = 2 - 14*m**2 + 2*m - 1 - 418*m**3 + 420*m**3 + 9. Let n be f(7). Calculate the highest common divisor of n and 8.
8
Suppose q = -5 + 31. Let o = -2200 - -2239. What is the greatest common factor of q and o?
13
Suppose -1 = -h, 4*m - 215 - 270 = -5*h. Let g(s) = s**3 - 6*s**2 + 2*s + 24. Let v be g(0). Calculate the highest common factor of v and m.
24
Let s(k) = -k**2 + 7*k + 730. Let x be s(28). What is the greatest common factor of 3763 and x?
71
Let f be 352/24 